{"id":230,"date":"2023-07-25T00:24:42","date_gmt":"2023-07-25T03:24:42","guid":{"rendered":"https:\/\/saothiago.com.br\/site\/?page_id=230"},"modified":"2023-07-25T02:03:56","modified_gmt":"2023-07-25T05:03:56","slug":"elementor-230","status":"publish","type":"page","link":"https:\/\/saothiago.com.br\/site\/","title":{"rendered":""},"content":{"rendered":"\t\t<div data-elementor-type=\"wp-post\" data-elementor-id=\"230\" class=\"elementor elementor-230\">\n\t\t\t\t\t\t\t\t\t<section class=\"elementor-section elementor-top-section elementor-element elementor-element-857f639 elementor-section-boxed elementor-section-height-default elementor-section-height-default\" data-id=\"857f639\" data-element_type=\"section\">\n\t\t\t\t\t\t<div class=\"elementor-container elementor-column-gap-default\">\n\t\t\t\t\t<div class=\"elementor-column elementor-col-100 elementor-top-column elementor-element elementor-element-e66e503\" data-id=\"e66e503\" data-element_type=\"column\">\n\t\t\t<div class=\"elementor-widget-wrap elementor-element-populated\">\n\t\t\t\t\t\t\t\t<div class=\"elementor-element elementor-element-049c852 elementor-widget elementor-widget-heading\" data-id=\"049c852\" data-element_type=\"widget\" data-widget_type=\"heading.default\">\n\t\t\t\t<div class=\"elementor-widget-container\">\n\t\t\t<style>\/*! elementor - v3.14.0 - 26-06-2023 *\/\n.elementor-heading-title{padding:0;margin:0;line-height:1}.elementor-widget-heading .elementor-heading-title[class*=elementor-size-]>a{color:inherit;font-size:inherit;line-height:inherit}.elementor-widget-heading .elementor-heading-title.elementor-size-small{font-size:15px}.elementor-widget-heading .elementor-heading-title.elementor-size-medium{font-size:19px}.elementor-widget-heading .elementor-heading-title.elementor-size-large{font-size:29px}.elementor-widget-heading .elementor-heading-title.elementor-size-xl{font-size:39px}.elementor-widget-heading .elementor-heading-title.elementor-size-xxl{font-size:59px}<\/style><h2 class=\"elementor-heading-title elementor-size-xl\">> Educa\u00e7\u00e3o Infantil<br>> Educa\u00e7\u00e3o Fundamental<br>> Ensino M\u00e9dio<\/h2>\t\t<\/div>\n\t\t\t\t<\/div>\n\t\t\t\t\t<\/div>\n\t\t<\/div>\n\t\t\t\t\t\t\t<\/div>\n\t\t<\/section>\n\t\t\t\t<section class=\"elementor-section elementor-top-section elementor-element elementor-element-505c7fd elementor-section-boxed elementor-section-height-default elementor-section-height-default\" data-id=\"505c7fd\" data-element_type=\"section\">\n\t\t\t\t\t\t<div class=\"elementor-container elementor-column-gap-default\">\n\t\t\t\t\t<div class=\"elementor-column elementor-col-50 elementor-top-column elementor-element elementor-element-7097d65\" data-id=\"7097d65\" data-element_type=\"column\">\n\t\t\t<div class=\"elementor-widget-wrap elementor-element-populated\">\n\t\t\t\t\t\t\t\t<div class=\"elementor-element elementor-element-c66820e elementor-widget__width-initial elementor-widget elementor-widget-image\" data-id=\"c66820e\" data-element_type=\"widget\" data-widget_type=\"image.default\">\n\t\t\t\t<div class=\"elementor-widget-container\">\n\t\t\t<style>\/*! elementor - v3.14.0 - 26-06-2023 *\/\n.elementor-widget-image{text-align:center}.elementor-widget-image a{display:inline-block}.elementor-widget-image a img[src$=\".svg\"]{width:48px}.elementor-widget-image img{vertical-align:middle;display:inline-block}<\/style>\t\t\t\t\t\t\t\t\t\t\t\t<img decoding=\"async\" width=\"500\" height=\"300\" src=\"https:\/\/saothiago.com.br\/site\/wp-content\/uploads\/2023\/07\/arduino.jpg\" class=\"attachment-large size-large wp-image-220\" alt=\"\" loading=\"lazy\" srcset=\"https:\/\/saothiago.com.br\/site\/wp-content\/uploads\/2023\/07\/arduino.jpg 500w, https:\/\/saothiago.com.br\/site\/wp-content\/uploads\/2023\/07\/arduino-300x180.jpg 300w\" sizes=\"(max-width: 500px) 100vw, 500px\" \/>\t\t\t\t\t\t\t\t\t\t\t\t\t\t\t<\/div>\n\t\t\t\t<\/div>\n\t\t\t\t\t<\/div>\n\t\t<\/div>\n\t\t\t\t<div class=\"elementor-column elementor-col-50 elementor-top-column elementor-element elementor-element-b12c7b7\" data-id=\"b12c7b7\" data-element_type=\"column\">\n\t\t\t<div class=\"elementor-widget-wrap elementor-element-populated\">\n\t\t\t\t\t\t\t\t<div class=\"elementor-element elementor-element-5b67f94 elementor-widget elementor-widget-heading\" data-id=\"5b67f94\" data-element_type=\"widget\" data-widget_type=\"heading.default\">\n\t\t\t\t<div class=\"elementor-widget-container\">\n\t\t\t<span class=\"elementor-heading-title elementor-size-medium\">Curso de Rob\u00f3tica<\/span>\t\t<\/div>\n\t\t\t\t<\/div>\n\t\t\t\t<div class=\"elementor-element elementor-element-0fa13e2 elementor-widget elementor-widget-text-editor\" data-id=\"0fa13e2\" data-element_type=\"widget\" data-widget_type=\"text-editor.default\">\n\t\t\t\t<div class=\"elementor-widget-container\">\n\t\t\t<style>\/*! elementor - v3.14.0 - 26-06-2023 *\/\n.elementor-widget-text-editor.elementor-drop-cap-view-stacked .elementor-drop-cap{background-color:#69727d;color:#fff}.elementor-widget-text-editor.elementor-drop-cap-view-framed .elementor-drop-cap{color:#69727d;border:3px solid;background-color:transparent}.elementor-widget-text-editor:not(.elementor-drop-cap-view-default) .elementor-drop-cap{margin-top:8px}.elementor-widget-text-editor:not(.elementor-drop-cap-view-default) .elementor-drop-cap-letter{width:1em;height:1em}.elementor-widget-text-editor .elementor-drop-cap{float:left;text-align:center;line-height:1;font-size:50px}.elementor-widget-text-editor .elementor-drop-cap-letter{display:inline-block}<\/style>\t\t\t\t<div>Ao aprender rob\u00f3tica, nossos alunos s\u00e3o desafiados a pensar de forma criativa para resolver problemas e desenvolver solu\u00e7\u00f5es.<\/div>\t\t\t\t\t\t<\/div>\n\t\t\t\t<\/div>\n\t\t\t\t\t<\/div>\n\t\t<\/div>\n\t\t\t\t\t\t\t<\/div>\n\t\t<\/section>\n\t\t\t\t<section class=\"elementor-section elementor-top-section elementor-element elementor-element-43d612e elementor-section-boxed elementor-section-height-default elementor-section-height-default\" data-id=\"43d612e\" data-element_type=\"section\">\n\t\t\t\t\t\t<div class=\"elementor-container elementor-column-gap-default\">\n\t\t\t\t\t<div class=\"elementor-column elementor-col-50 elementor-top-column elementor-element elementor-element-30df8fd\" data-id=\"30df8fd\" data-element_type=\"column\">\n\t\t\t<div class=\"elementor-widget-wrap elementor-element-populated\">\n\t\t\t\t\t\t\t\t<div class=\"elementor-element elementor-element-a63cb5a elementor-widget__width-initial elementor-widget elementor-widget-image\" data-id=\"a63cb5a\" data-element_type=\"widget\" data-widget_type=\"image.default\">\n\t\t\t\t<div class=\"elementor-widget-container\">\n\t\t\t\t\t\t\t\t\t\t\t\t\t\t\t<img decoding=\"async\" width=\"500\" height=\"375\" src=\"https:\/\/saothiago.com.br\/site\/wp-content\/uploads\/2023\/07\/laboratorio.jpg\" class=\"attachment-large size-large wp-image-235\" alt=\"\" loading=\"lazy\" srcset=\"https:\/\/saothiago.com.br\/site\/wp-content\/uploads\/2023\/07\/laboratorio.jpg 500w, https:\/\/saothiago.com.br\/site\/wp-content\/uploads\/2023\/07\/laboratorio-300x225.jpg 300w\" sizes=\"(max-width: 500px) 100vw, 500px\" \/>\t\t\t\t\t\t\t\t\t\t\t\t\t\t\t<\/div>\n\t\t\t\t<\/div>\n\t\t\t\t\t<\/div>\n\t\t<\/div>\n\t\t\t\t<div class=\"elementor-column elementor-col-50 elementor-top-column elementor-element elementor-element-55cf743\" data-id=\"55cf743\" data-element_type=\"column\">\n\t\t\t<div class=\"elementor-widget-wrap elementor-element-populated\">\n\t\t\t\t\t\t\t\t<div class=\"elementor-element elementor-element-6174032 elementor-widget elementor-widget-heading\" data-id=\"6174032\" data-element_type=\"widget\" data-widget_type=\"heading.default\">\n\t\t\t\t<div class=\"elementor-widget-container\">\n\t\t\t<span class=\"elementor-heading-title elementor-size-medium\">Laborat\u00f3rio de Qu\u00edmica<\/span>\t\t<\/div>\n\t\t\t\t<\/div>\n\t\t\t\t<div class=\"elementor-element elementor-element-a8c2956 elementor-widget elementor-widget-text-editor\" data-id=\"a8c2956\" data-element_type=\"widget\" data-widget_type=\"text-editor.default\">\n\t\t\t\t<div class=\"elementor-widget-container\">\n\t\t\t\t\t\t\t<p>O nosso laborat\u00f3rio proporciona aos alunos a oportunidade de realizar experimentos e observar os conceitos te\u00f3ricos na pr\u00e1tica.\u00a0<\/p>\t\t\t\t\t\t<\/div>\n\t\t\t\t<\/div>\n\t\t\t\t\t<\/div>\n\t\t<\/div>\n\t\t\t\t\t\t\t<\/div>\n\t\t<\/section>\n\t\t\t\t<section class=\"elementor-section elementor-top-section elementor-element elementor-element-8981ab8 elementor-section-boxed elementor-section-height-default elementor-section-height-default\" data-id=\"8981ab8\" data-element_type=\"section\">\n\t\t\t\t\t\t<div class=\"elementor-container elementor-column-gap-default\">\n\t\t\t\t\t<div class=\"elementor-column elementor-col-50 elementor-top-column elementor-element elementor-element-e6a1682\" data-id=\"e6a1682\" data-element_type=\"column\">\n\t\t\t<div class=\"elementor-widget-wrap elementor-element-populated\">\n\t\t\t\t\t\t\t\t<div class=\"elementor-element elementor-element-798ac22 elementor-widget__width-initial elementor-widget elementor-widget-image\" data-id=\"798ac22\" data-element_type=\"widget\" data-widget_type=\"image.default\">\n\t\t\t\t<div class=\"elementor-widget-container\">\n\t\t\t\t\t\t\t\t\t\t\t\t\t\t\t<img decoding=\"async\" width=\"580\" height=\"389\" src=\"https:\/\/saothiago.com.br\/site\/wp-content\/uploads\/2023\/07\/sala-de-aula-climatizada.jpg\" class=\"attachment-large size-large wp-image-225\" alt=\"\" loading=\"lazy\" srcset=\"https:\/\/saothiago.com.br\/site\/wp-content\/uploads\/2023\/07\/sala-de-aula-climatizada.jpg 678w, https:\/\/saothiago.com.br\/site\/wp-content\/uploads\/2023\/07\/sala-de-aula-climatizada-300x201.jpg 300w\" sizes=\"(max-width: 580px) 100vw, 580px\" \/>\t\t\t\t\t\t\t\t\t\t\t\t\t\t\t<\/div>\n\t\t\t\t<\/div>\n\t\t\t\t\t<\/div>\n\t\t<\/div>\n\t\t\t\t<div class=\"elementor-column elementor-col-50 elementor-top-column elementor-element elementor-element-dcc3728\" data-id=\"dcc3728\" data-element_type=\"column\">\n\t\t\t<div class=\"elementor-widget-wrap elementor-element-populated\">\n\t\t\t\t\t\t\t\t<div class=\"elementor-element elementor-element-2f70231 elementor-widget elementor-widget-heading\" data-id=\"2f70231\" data-element_type=\"widget\" data-widget_type=\"heading.default\">\n\t\t\t\t<div class=\"elementor-widget-container\">\n\t\t\t<span class=\"elementor-heading-title elementor-size-medium\">Salas climatizadas<\/span>\t\t<\/div>\n\t\t\t\t<\/div>\n\t\t\t\t<div class=\"elementor-element elementor-element-ceb72a7 elementor-widget elementor-widget-text-editor\" data-id=\"ceb72a7\" data-element_type=\"widget\" data-widget_type=\"text-editor.default\">\n\t\t\t\t<div class=\"elementor-widget-container\">\n\t\t\t\t\t\t\t<p>Maior conforto para os nossos alunos<\/p>\t\t\t\t\t\t<\/div>\n\t\t\t\t<\/div>\n\t\t\t\t\t<\/div>\n\t\t<\/div>\n\t\t\t\t\t\t\t<\/div>\n\t\t<\/section>\n\t\t\t\t\t\t\t<\/div>\n\t\t","protected":false},"excerpt":{"rendered":"<p>> Educa\u00e7\u00e3o Infantil> Educa\u00e7\u00e3o Fundamental> Ensino M\u00e9dio Curso de Rob\u00f3tica Ao aprender rob\u00f3tica, nossos alunos s\u00e3o desafiados a pensar de forma criativa para resolver problemas e desenvolver solu\u00e7\u00f5es. Laborat\u00f3rio de Qu\u00edmica O nosso laborat\u00f3rio proporciona aos alunos a oportunidade de realizar experimentos e observar os conceitos te\u00f3ricos na pr\u00e1tica.\u00a0 Salas climatizadas Maior conforto para os [&hellip;]<\/p>\n","protected":false},"author":1,"featured_media":0,"parent":0,"menu_order":0,"comment_status":"closed","ping_status":"closed","template":"","meta":[],"_links":{"self":[{"href":"https:\/\/saothiago.com.br\/site\/wp-json\/wp\/v2\/pages\/230"}],"collection":[{"href":"https:\/\/saothiago.com.br\/site\/wp-json\/wp\/v2\/pages"}],"about":[{"href":"https:\/\/saothiago.com.br\/site\/wp-json\/wp\/v2\/types\/page"}],"author":[{"embeddable":true,"href":"https:\/\/saothiago.com.br\/site\/wp-json\/wp\/v2\/users\/1"}],"replies":[{"embeddable":true,"href":"https:\/\/saothiago.com.br\/site\/wp-json\/wp\/v2\/comments?post=230"}],"version-history":[{"count":35,"href":"https:\/\/saothiago.com.br\/site\/wp-json\/wp\/v2\/pages\/230\/revisions"}],"predecessor-version":[{"id":277,"href":"https:\/\/saothiago.com.br\/site\/wp-json\/wp\/v2\/pages\/230\/revisions\/277"}],"wp:attachment":[{"href":"https:\/\/saothiago.com.br\/site\/wp-json\/wp\/v2\/media?parent=230"}],"curies":[{"name":"wp","href":"https:\/\/api.w.org\/{rel}","templated":true}]}}